{"id":577,"date":"2024-09-03T18:13:57","date_gmt":"2024-09-03T18:13:57","guid":{"rendered":"http:\/\/chromart.local\/?post_type=exhibition&#038;p=577"},"modified":"2024-10-06T13:19:08","modified_gmt":"2024-10-06T13:19:08","slug":"exposition-sensorielle-au-chateau-de-waleffe","status":"publish","type":"exhibition","link":"https:\/\/www.isabellebouhon.be\/en\/expositions\/exposition-sensorielle-au-chateau-de-waleffe\/","title":{"rendered":"Sensorial Exposure"},"content":{"rendered":"<p>Une exposition in\u00e9dite \u00e0 ne pas manquer\u00a0! Je vous invite \u00e0 venir exp\u00e9rimenter l&rsquo;\u00e9nergie, la sentir, la ressentir au plus profond de votre \u00eatre. Je vous propose cette exp\u00e9rience unique dans un lieu exceptionnel qui est le Ch\u00e2teau de Waleffe.<\/p>\n\n\n\n<p>Vous d\u00e9couvrirez mes toiles \u00ab\u00a0chromotherapeutiques\u00a0\u00bb cr\u00e9\u00e9es en conscience, dans un esprit positif et toutes accompagn\u00e9es d&rsquo;une fiche explicative sur l&rsquo;\u00e9nergie transmise par les couleurs utilis\u00e9es et comment s&rsquo;en servir pour un mieux-\u00eatre.<\/p>\n\n\n\n<p>\u00ab\u00a0Sentir-Go\u00fbter\u00a0\u00bb afin de vous aider \u00e0 \u00eatre en connection, l&rsquo;herboriste Louis De Potesta \u00ab\u00a0le Charme d&rsquo;Adam\u00a0\u00bb a cr\u00e9\u00e9, pour l&rsquo;occasion, des tisanes en harmonie avec les couleurs et leurs bienfaits \u00e0 \u00ab\u00a0go\u00fbter\u00a0\u00bb devant le tableau correspondant.<br>Il vous permettra \u00e9galement de \u00ab\u00a0sentir\u00a0\u00bb gr\u00e2ce \u00e0 des synergies d&rsquo;huiles essentielles cr\u00e9\u00e9es en fonction des couleurs et des chakras correspondants.<\/p>\n\n\n\n<p>\u00ab\u00a0Entendre\u00a0\u00bb vous aurez la chance d&rsquo;\u00eatre accompagn\u00e9, durant le vernissage et suivant l&rsquo;horaire pendant l&rsquo;exposition, par un Voyage Sonore aux bols tib\u00e9tains et en cristal propos\u00e9 par Natacha Sauvage de \u00ab\u00a0Naturo Wild\u00a0\u00bb.<\/p>","protected":false},"excerpt":{"rendered":"<p>A unique exhibition not to be missed ! I invite you to come experience the energy, feel it, feel it in the depths of your be. I offer this unique experience in a unique place that is [...]<\/p>","protected":false},"featured_media":1631,"template":"","class_list":["post-577","exhibition","type-exhibition","status-publish","has-post-thumbnail","hentry"],"acf":[],"_links":{"self":[{"href":"https:\/\/www.isabellebouhon.be\/en\/wp-json\/wp\/v2\/exhibition\/577","targetHints":{"allow":["GET"]}}],"collection":[{"href":"https:\/\/www.isabellebouhon.be\/en\/wp-json\/wp\/v2\/exhibition"}],"about":[{"href":"https:\/\/www.isabellebouhon.be\/en\/wp-json\/wp\/v2\/types\/exhibition"}],"wp:featuredmedia":[{"embeddable":true,"href":"https:\/\/www.isabellebouhon.be\/en\/wp-json\/wp\/v2\/media\/1631"}],"wp:attachment":[{"href":"https:\/\/www.isabellebouhon.be\/en\/wp-json\/wp\/v2\/media?parent=577"}],"curies":[{"name":"wp","href":"https:\/\/api.w.org\/{rel}","templated":true}]}}

<p>Une exposition inédite à ne pas manquer ! Je vous invite à venir expérimenter l&rsquo;énergie, la sentir, la ressentir au plus profond de votre être. Je vous propose cette expérience unique dans un lieu exceptionnel qui est le Château de Waleffe.</p>



<p>Vous découvrirez mes toiles « chromotherapeutiques » créées en conscience, dans un esprit positif et toutes accompagnées d&rsquo;une fiche explicative sur l&rsquo;énergie transmise par les couleurs utilisées et comment s&rsquo;en servir pour un mieux-être.</p>



<p>« Sentir-Goûter » afin de vous aider à être en connection, l&rsquo;herboriste Louis De Potesta « le Charme d&rsquo;Adam » a créé, pour l&rsquo;occasion, des tisanes en harmonie avec les couleurs et leurs bienfaits à « goûter » devant le tableau correspondant.<br>Il vous permettra également de « sentir » grâce à des synergies d&rsquo;huiles essentielles créées en fonction des couleurs et des chakras correspondants.</p>



<p>« Entendre » vous aurez la chance d&rsquo;être accompagné, durant le vernissage et suivant l&rsquo;horaire pendant l&rsquo;exposition, par un Voyage Sonore aux bols tibétains et en cristal proposé par Natacha Sauvage de « Naturo Wild ».</p>
